) = 3*i**2 - 5*i - 4. Let v be b(-5). Suppose 2*n - 4*n - 5*p = -39, 5*n - 145 = -3*p. Let x = v + n. What is the hundreds digit of x?
1
Suppose -1340*p + 1329*p + 136092 = 0. What is the ten thousands digit of p?
1
Suppose -5*q + 8 = -a, -9*a + 5*q = -7*a + 11. Let x(s) = 5*s**2 + 4*s + 5 - 6*s + s + 6*s**2. What is the hundreds digit of x(a)?
1
Suppose 0 = -15*v + 2*v - 9*v + 119944. What is the tens digit of v?
5
Let r(h) = h**3 - 9*h**2 - 22. Let m = -21 - -31. What is the units digit of r(m)?
8
Suppose 615*w = 620*w - 3*i - 18092, 3*i = 3. What is the tens digit of w?
1
Let t(u) = -7*u**2 + 5*u + 4. Let d(z) = -3*z**2 + 2*z + 1. Let w(a) = -10*d(a) + 4*t(a). What is the tens digit of w(-12)?
9
Let t(o) = -o**3 - 16*o**2 - 2*o + 8. Let x be (-6)/(-27) + 5/(135/183). Suppose -59 = x*q + 53. What is the tens digit of t(q)?
4
Suppose 3*t - 22 = -k, -k + t + 12 + 18 = 0. Suppose -13*h - 9675 = -k*h. What is the hundreds digit of h?
6
Let f be 6/27 + (-120)/54. Let j be ((-255)/10 + (-1)/f)*-1. Suppose 0 = -29*a + j*a + 240. What is the units digit of a?
0
Suppose 2*d + 21003 = 5*c - 20182, 8215 = c + 4*d. What is the thousands digit of c?
8
Suppose 0 = -3*k - a + 4, -5 = -a - 1. Suppose -q = -k - 7. Suppose 4*p - 15 = 2*p + l, l = p - q. What is the units digit of p?
8
Suppose -5*t + 5689 = -5*z + 469, 5*z + 4176 = 4*t. Suppose 4*v - v - 766 = -5*c, -4*v + t = c. Let j = v - 129. What is the hundreds digit of j?
1
What is the tens digit of (-9)/2*4/(-3) - -26724?
3
Let d(n) = 366 + 476 + 5 - 17*n + 20*n + 155*n**2 - 156*n**2 - n**3. What is the tens digit of d(0)?
4
Let v(u) = -u**3 + 17*u**2 + 20*u - 28. Let z be v(18). Suppose 2*t + 1094 = 2*j, -3*j + 13*t + 1647 = z*t. What is the tens digit of j?
4
Let b be 7 + -1 - (-2)/(-1). Suppose b*i = 3*m + 1098, -2*i - 2*m - 823 = -5*i. What is the tens digit of i?
7
Suppose 6366*m - 6458*m + 1270428 = 0. What is the hundreds digit of m?
8
Let g = 5614 - 779. What is the units digit of g?
5
Let c = 47 + -28. Let v(m) = -2*m**2 - 15*m + 2. Let a be v(-4). Suppose -a - c = -7*k. What is the units digit of k?
7
Let f(k) = 150*k - 27 + 153*k - 89*k + 1. Let j be f(10). Suppose j = 12*y + 446. What is the units digit of y?
9
Suppose 3*b = -2*x + 132389, 29*x - 176514 = -4*b + 31*x. What is the tens digit of b?
2
Let b = -349 + 352. Let r(v) = 25*v**3 + 2*v**2 + v - 10. What is the hundreds digit of r(b)?
6
Let w be 2*(2 + 57/(-2)). Let q = 536 + -408. Let l = q + w. What is the units digit of l?
5
Suppose -5*j = -13*j + 48. What is the units digit of ((-1172)/12)/((-2)/j)?
3
Let t(z) = 6*z**3 - z**2 - 3. Let l be t(2). Suppose x - 3*n + l = 2*x, 0 = 5*n - 20. Suppose 9*s - 10*s = -x. What is the units digit of s?
9
Let s(z) = -3*z**3 - 8*z**2 + 32*z + 4. Let v(a) = 8*a**3 + 15*a**2 - 65*a - 8. Let d(f) = 5*s(f) + 2*v(f). What is the hundreds digit of d(13)?
9
Let x be (9/(18/(-4)))/((-2)/45). What is the hundreds digit of (-18)/x*10 - 384/(-1)?
3
Let f(a) = -2*a - 45. Let o be f(12). What is the units digit of (o/6 - -7)*(-136)/6?
2
Suppose 204725 = 32*a - 25*a + 3*r, 5*r = 5. What is the hundreds digit of a?
2
Let k(y) = -4216*y - 83. What is the thousands digit of k(-2)?
8
What is the units digit of 2852*((-5)/80*-2)/((-7)/(-56))?
2
Suppose 40*q = 36*q + 48. Let s(f) = f**2 + 2*f - 14. Let o be s(q). Suppose -b = 2*i - i - 52, -3*b - 2*i + o = 0. What is the units digit of b?
0
Let x = 60 + -61. Let d be (3/(-2)*1)/((-4)/8). What is the units digit of d - (x/3 + (-3848)/39)?
2
Let s(o) = o**3 - 44*o**2 + 58*o - 160. Let j(r) = 2*r**2 - 59*r + 13. Let f be j(30). What is the units digit of s(f)?
5
What is the units digit of 6415 - (2/5 - 702/(-270))?
2
Suppose -4*m - 28 = -5*g, 4*m + 5 - 1 = -g. What is the hundreds digit of 7791/42 - 1/m?
1
Suppose -83 = -2*n + 37. Suppose 2*j + 76 = 2. Let l = j + n. What is the units digit of l?
3
Suppose 0 = 3*a + 1909 + 701. Let d = 2489 + a. What is the hundreds digit of d?
6
Let d(l) = 4*l**2 - 14*l - 1. Let v be d(5). Suppose -12*p + v = -787. Suppose 12*z - 13*z = -p. What is the units digit of z?
8
Let w be 14/6 + 108/162. Suppose w*y - 5*y = -2*t - 238, 3*t = 2*y - 233. What is the hundreds digit of y?
1
Suppose -174914 + 27458 = -36*o. What is the units digit of o?
6
Suppose 4*r + 3717 = 4*a + 1013, 3*r + 5*a = -2012. Let g = 1789 + r. What is the hundreds digit of g?
1
Suppose 0 = -2*a - 2160 + 22558. What is the thousands digit of a?
0
Suppose 22*o + 30 = 37*o. Suppose -o*p + 2*y - 5*y = -165, 65 = p - 2*y. What is the tens digit of p?
7
Suppose 3 + 7 = l. What is the tens digit of (4675/(-25))/((-1)/l)?
7
Let c(l) = l**3 - 24*l**2 - 4*l - 10. Let w be c(24). Let k be 265/w + (-2)/(-8)*2. What is the units digit of 3 - (4/k + -2 + -80)?
7
Let z be (6*10/(-30))/((-4)/(-18)). What is the units digit of (9 + -27)*12/z*32?
8
Let n(r) = 28*r + 51. Let l be n(8). Let s = 61 + l. What is the tens digit of s?
3
Suppose -12*z = -8*z - 8. What is the tens digit of ((-299)/(-26) + -11)*751*z?
5
Let z(a) = -a**3 - 4*a**2 + 44*a + 504. What is the hundreds digit of z(-14)?
8
What is the thousands digit of 801/(-6)*(-9982)/93?
4
Let u = -6869 + 19166. What is the ten thousands digit of u?
1
Suppose 0 = -180*o + 382508 + 703972. What is the units digit of o?
6
Suppose -2*f + 5*w = -8932, 33*f - 29*f - 3*w - 17878 = 0. What is the thousands digit of f?
4
Let h(d) = -43*d - 88. Let z be h(-11). Suppose -1057 = -2*x + z. What is the tens digit of x?
2
Let r = 182 + 60. Let x = r - 122. Let u = x - -26. What is the hundreds digit of u?
1
Let w(x) = -3*x - 13. Let r be w(-6). Suppose 133 - 853 = -4*i - 5*k, -r*k + 895 = 5*i. Suppose 2*q = i - 43. What is the tens digit of q?
6
Let a(k) = 53*k**2 + k - 4. Let v be a(5). Suppose 780 + v = 26*s. What is the tens digit of s?
8
Let g(t) = -t**3 + 9*t**2 + 2*t + 7. Let v be g(8). Let b = v - 43. Suppose -b*a + 39*a = -105. What is the units digit of a?
1
Suppose -2*c - 1323 = -r + 15589, 4 = c. Suppose 10*z - 1320 = r. What is the tens digit of z?
2
Suppose -12 = 3*n, 0 = 14*q - 7*q - n - 500903. What is the ten thousands digit of q?
7
Let f = 118637 + -81205. What is the ten thousands digit of f?
3
Let z be 36 - 6*1*2/4. What is the tens digit of 7/77 + 24120/z?
3
Let c(v) = 182*v**2 + 19*v + 180. What is the thousands digit of c(-5)?
4
Let f(j) = j**2 - 8*j - 7. Let k(p) = -2*p + 2. Let w(n) = f(n) - 2*k(n). What is the units digit of w(-5)?
4
Suppose -669 + 2469 = 18*c. What is the tens digit of ((-10320)/c)/((-6)/80)?
7
Let q = 7 + -19. Let a be 1/4 - 177/q. What is the tens digit of ((-28)/(-3))/(10/a)?
1
Let x(n) = -14*n + 457. Let p = -189 - -189. What is the tens digit of x(p)?
5
Let g(t) = t**3 + 9*t**2 - 14*t - 5. Let i be g(-10). Let v(k) = -32*k**2 - 10 - i*k**2 - k + 73*k**2. What is the units digit of v(-3)?
7
Let i(r) = -4*r - 2. Suppose 0 = -4*k + 4*s - 32, 3*k + 7*s - 12*s + 30 = 0. What is the tens digit of i(k)?
1
Suppose -8*t - 3*u + 2490 = -3*t, -5*u = -25. Let o = t + -289. Suppose 0 = -5*h + o + 319. What is the units digit of h?
5
Let g(c) = 760*c + 83. Let q be g(8). Suppose 27*r = 5690 + q. What is the units digit of r?
9
Suppose 0 = 654*s - 272*s - 9557640. What is the ten thousands digit of s?
2
Let o be 10/2*(-1 + 8). Suppose -737 = -2*h + o. What is the units digit of h?
6
Let d = -1616 + 4422. What is the thousands digit of d?
2
Let v be (-55)/1*11/(165/(-114)). Suppose 6*b - 7*b = -v. What is the units digit of b?
8
Suppose 5*z + 4*n = -0*n + 81, -4*z = n - 67. Suppose -10*d = -11*d + z. Suppose d*v = 24*v - 91. What is the units digit of v?
3
Let i be (-3207)/(-12) + -4*20/64. Let p = i - -53. What is the tens digit of p?
1
Let c(w) = -w**2 + 16*w + 41. Let g be c(17). Suppose 2*v = 188 - g. Suppose -4*r + 35 = 2*f - 37, 2*f - v = r. What is the units digit of f?
0
Let d(m) = 24*m**3 - 12*m**2 - 9*m + 23. What is the thousands digit of d(10)?
2
Let z(n) = 4*n**3 - 34*n**2 + 17*n + 97. What is the hundreds digit of z(15)?
2
Suppose -2*v + 6941 = y, 11*y - 13894 = -4*v + 13*y. What is the hundreds digit of v?
4
Suppose 0 = 276*r - 294*r + 102906. What is the thousands digit of r?
5
Suppose 4*m - 48435 = -6*y + 102191, -5*m - 125480 = -5*y. What is the units digit of y?
1
Suppose 3*j - p = -2*p + 